j + 4. Calculate the remainder when d(-2) is divided by 8.
6
Suppose 4*o = -4*x + 20, 0*x + 14 = x - 2*o. Let k(w) = 2*w**3 - 5*w**2 - 4. Let n be k(4). What is the remainder when x is divided by 6/10 - n/(-10)?
3
Let v(f) = -2*f. Let k be v(-3). What is the remainder when 41/3 - k/9 is divided by -1 - -4 - (-3 + 1)?
3
Suppose -2*d - 4*h = -2*h - 364, d - 4*h = 187. Let z = d - 97. What is the remainder when z is divided by 22?
20
Let f(p) = 15*p**2. What is the remainder when 29 is divided by f(-1)?
14
Let r(s) = 3*s + 4. Let k(z) = -z - 1. Let q(c) = k(c) + r(c). What is the remainder when q(1) is divided by 4?
1
Let m(t) = -2*t - 15. Calculate the remainder when 25 is divided by m(-11).
4
Let c be 327/(-18) + 3/18. Let v = 27 + c. Calculate the remainder when v is divided by 3.
0
Let p(c) = -c**3 + 4*c**3 + c**2 + c**2 - c**3 + c - 1. Calculate the remainder when p(2) is divided by 7.
4
Let l = -138 - -98. Let u = -28 - l. What is the remainder when u is divided by 7?
5
Suppose -5*s - 20 - 45 = 0. Suppose -3*l - 115 = 2*l. Let m = s - l. What is the remainder when 29 is divided by m?
9
Let m(p) = -p**3 + 7*p**2 - 5*p - 4. Let b be m(6). Suppose -6*z + 22 = -8. What is the remainder when z is divided by (2/1 - -2)/b?
1
Let k(n) = n**3 - 5*n**2 - 2*n. Let a be k(5). Let d = a + 17. What is the remainder when d is divided by 3?
1
Let x(w) = -18*w - 3. Let k = 9 - 11. Let l be x(k). What is the remainder when 54 is divided by 3/(9/l) + 3?
12
Suppose 2*k + 7 = 3*k. Suppose 0 = 5*p - 25 - 0. What is the remainder when k is divided by p?
2
Let x(z) = -7*z**3 - 2*z**2 + 11*z - 3. Let l(h) = -6*h**3 - 3*h**2 + 10*h - 2. Let o(v) = -6*l(v) + 5*x(v). What is the remainder when o(-8) is divided by 19?
18
Let h be -15*(16/5)/4. Let g = 26 + h. What is the remainder when g is divided by 5?
4
Suppose -3*d = -2*x - 13, 11 = -3*x - 4. What is the remainder when 2 is divided by d?
0
Calculate the remainder when 37 is divided by (9/3)/3*13.
11
Let q = -19 - -27. Calculate the remainder when q is divided by 2.
0
Let k = -29 - -49. What is the remainder when 99 is divided by k?
19
Let m(t) = -10*t - 7. Let i be m(-4). Suppose 4*d - 3*o - 132 = 0, d + 0*o = 3*o + i. What is the remainder when 96 is divided by d?
30
Let s(i) = -4 + 4*i + 2*i - 3*i. What is the remainder when 9 is divided by s(3)?
4
Let x = -71 + 81. What is the remainder when 18 is divided by x?
8
Suppose j = 5*w + 124, 4*j + 5*w = 2*j + 308. Suppose 0*h - 4*h + j = 0. Calculate the remainder when (-6)/h + (-121)/(-6) is divided by 11.
9
Let f(q) = -q**3 + 2*q**2 + q + 4. Let t be f(4). Calculate the remainder when (-27)/6*t/9 is divided by 5.
2
Let x(k) be the second derivative of k**4/3 - k**3/6 - k**2/2 - 8*k. What is the remainder when x(-4) is divided by 14?
11
Suppose 63 = -2*v + 5*v. Let h = 36 - v. What is the remainder when 44 is divided by h?
14
Let z = 1 - -1. Calculate the remainder when 5 is divided by (z/7)/(2/14).
1
Let n(k) = -k**3 - 7*k**2 - 9*k - 6. Let j be n(-6). Suppose j = 5*r + 2. What is the remainder when (1 - 3)/(r/(-5)) is divided by 2?
1
Let t(p) = p**2 + 5*p - 8. What is the remainder when 10 is divided by t(-7)?
4
Let c(f) = -12*f**3. Calculate the remainder when 22 is divided by c(-1).
10
Let v(k) = k**3 + 7*k**2 - 8*k + 4. What is the remainder when 7 is divided by v(-8)?
3
Let n = -10 - -17. Let c(h) = -h**3 + 3*h**2 + 5*h + 2. Let v be c(4). Suppose 4*g - v - 10 = 0. What is the remainder when n is divided by g?
3
Let h(f) = -f + 1. Let r be h(-1). Suppose x + x = -4*w + 14, -4*w + 5*x = -21. Let i = w - r. Calculate the remainder when 4 is divided by i.
0
Let z = 48 - 13. What is the remainder when z is divided by 12?
11
Let b(s) = 3*s**3 - 2*s**2 + 2*s + 2. Let c = -10 + 13. What is the remainder when b(c) is divided by 24?
23
Suppose 4*b - 2*a = 86, 6*a = -3*b + a + 32. What is the remainder when 132 is divided by b?
18
Suppose -2*d + 2*z - 120 = -3*d, -4*z + 354 = 3*d. Calculate the remainder when d is divided by 29.
27
Let a(n) = n + 2. Let x be a(-6). Suppose 4*y - 5*k + 1 = 69, k - 44 = -4*y. Let f = y - x. Calculate the remainder when 30 is divided by f.
14
Let v = 8 + 5. Suppose -2*x = 2*x - 20. Calculate the remainder when v is divided by x.
3
Let f(u) = 3*u**3 - 3*u**2 + 2*u - 3. Suppose -3*v + 23 = 2*n, -3*n = -2*v + 1 - 3. What is the remainder when f(2) is divided by v?
3
Let o be (-1)/((-1)/(-2)*-1). Let k(g) = 8 - 3*g**o + 4*g**2 - 2 + 4*g. What is the remainder when k(-5) is divided by 4?
3
Let y = 152 + -135. What is the remainder when 185 is divided by y?
15
Suppose 6*i - 44 = 2*i. What is the remainder when 21 is divided by i?
10
Suppose 4*m + 0*m + 5*r = 75, 0 = m + 5*r - 30. What is the remainder when m is divided by 5?
0
Calculate the remainder when 21 is divided by (-7)/2*8*(-4)/8.
7
Let y(z) = 14*z - 6*z + 8*z. Let k be y(1). Calculate the remainder when 32 is divided by ((-68)/k)/((-1)/4).
15
Suppose -16*w + 2 = -14*w. Suppose -2*b + 5*d = 1 - 3, d + w = b. What is the remainder when 2 is divided by b?
0
Let a = -12 + 21. Let o(h) = 19*h - 1. Let f be o(1). Let i = f - a. Calculate the remainder when i is divided by 6.
3
Let h(s) be the first derivative of s**3/3 - s**2 + 7*s + 3. What is the remainder when 19 is divided by h(0)?
5
Calculate the remainder when 7 is divided by (4 - -1)/(3/3).
2
Let d be (-22 - -4)/(6/4). What is the remainder when 9 is divided by d*((-4)/4)/3?
1
Calculate the remainder when (-2 - 1)*(-2 - -3) - -56 is divided by 18.
17
Let g(r) = -r**3 + 5*r**2 + 3*r - 3. Let d be g(5). Suppose d*x - 20 = 7*x. Calculate the remainder when x is divided by 2.
0
Let q(y) = 7*y**2 - 5*y + 2. Let n be q(3). Let z(u) = -u**3 - 9*u**2 + 3*u - 6. Let c be z(-9). Let b = c + n. Calculate the remainder when b is divided by 9.
8
Suppose 2*d = 2 + 8. Let j be 2/(-5) - 3/d. What is the remainder when 29 is divided by 12/(((-3)/4)/j)?
13
Let m = -3 - -24. Suppose 2*d - d = m. Let h = d - 6. What is the remainder when 28 is divided by h?
13
What is the remainder when 53/((1/(-3))/((-1)/3)) is divided by 11?
9
Let d(q) = -q + 1. Let f be d(-1). Let m be -2 + (f - 3)*1. Let s = -2 - m. What is the remainder when s is divided by 1?
0
Let i be (-330)/(-15) + (-1 - -1). Let v = i + -17. What is the remainder when 18 is divided by v?
3
Let a(t) = t**2 - 3*t + 3. Let o be a(2). Let m = -2 - o. Calculate the remainder when -2 + (2 - m) + 31 is divided by 12.
10
Suppose -k = -109 + 18. Let a = 138 - k. Let y = 72 - 56. Calculate the remainder when a is divided by y.
15
Suppose 2*z = -0*z + 78. Suppose 0 = -m + 3*m + 5*k - 39, -3*m = k - z. What is the remainder when m is divided by 5?
2
Let j(t) = t**2 - 7*t + 8. Let q be j(6). Suppose -5*k + 48 = 2*a, -q*a + k = -3*k - 66. What is the remainder when a is divided by ((-110)/11)/(1/(-1))?
9
Let i be (-3 - -31)*12/14. Suppose -2*l = -7*l + 65. Let d = i - l. Calculate the remainder when 32 is divided by d.
10
Suppose 2*o = -o. Suppose -f - 1 = o, 0*f - f = -4*z + 21. What is the remainder when 19 is divided by z?
4
Let m(o) = -3 - 4 + 3*o + 1. What is the remainder when 34 is divided by m(6)?
10
Let i(n) = -n**2 + 7*n - 6. Let q be i(4). Suppose -4*v - q + 106 = 0. What is the remainder when v is divided by 9?
7
Suppose -13 = -4*t - 5. Let j(k) = 8*k**2 - 2*k + 1. Calculate the remainder when t*-1*65/(-10) is divided by j(1).
6
Let o = 33 - 20. Let f = o + 15. Calculate the remainder when f is divided by 15.
13
Suppose -3*v - 14 = -2*r, 30 = -9*r + 11*r + v. Calculate the remainder when 38 is divided by r.
12
Let u be ((-374)/(-33))/(1/12). Suppose 7*b - 2*m - 225 = 2*b, u = 3*b - m. Suppose 5*d + 34 - 114 = 0. Calculate the remainder when b is divided by d.
15
Suppose 4*s - 3*s - 7 = 0. Let f be (-13 + 1)/((-2)/(-11)). What is the remainder when (-4)/(-6)*f/(-4) is divided by s?
4
Suppose 22 = 8*i - 34. Calculate the remainder when i is divided by 3.
1
Let o = 28 + -11. Suppose 0 = 8*q + 20 - 540. What is the remainder when q is divided by o?
14
Suppose 4*w + h - 3*h = 20, -4*w - 5*h = -48. What is the remainder when w/(-21) - (-188)/6 is divided by 8?
7
Let c be (-2)/(2/(-8)*2). Calculate the remainder when 18 is divided by (-16)/c*(-14)/8.
4
Let v = 11 + 0. Suppose 0 = 3*x - 2*x - 5, 0 = 4